{"id":220,"date":"2021-10-05T19:19:21","date_gmt":"2021-10-05T19:19:21","guid":{"rendered":"http:\/\/elc.local\/?page_id=220"},"modified":"2022-09-14T23:21:31","modified_gmt":"2022-09-15T03:21:31","slug":"advocate","status":"publish","type":"page","link":"https:\/\/elcbigbend.org\/es\/get-involved\/advocate\/","title":{"rendered":"Defensor"},"content":{"rendered":"<div class=\"wp-block-columns is-layout-flex wp-container-core-columns-is-layout-9d6595d7 wp-block-columns-is-layout-flex\">\n<div class=\"wp-block-column is-layout-flow wp-block-column-is-layout-flow\">\n<p><strong>P\u00f3ngase en contacto con su representante<\/strong><\/p>\n\n\n\n<p>Early Childhood issues and concerns should be our number one priority in the state of Florida. Our representatives need to hear from families, providers, and community organizations. Contact your representatives today!<\/p>\n\n\n\n<ul class=\"wp-block-list\"><li><a href=\"https:\/\/www.flsenate.gov\/Legislators\/index.cfm?Mode=Member%20Pages&amp;Submenu=1&amp;Tab=legislators&amp;CFID=183525068&amp;CFTOKEN=84434241\" data-type=\"URL\" data-id=\"https:\/\/www.flsenate.gov\/Legislators\/index.cfm?Mode=Member%20Pages&amp;Submenu=1&amp;Tab=legislators&amp;CFID=183525068&amp;CFTOKEN=84434241\">Representantes del Senado<\/a><\/li><li><a href=\"http:\/\/www.myfloridahouse.gov\/Sections\/Representatives\/representatives.aspx\" data-type=\"URL\" data-id=\"http:\/\/www.myfloridahouse.gov\/Sections\/Representatives\/representatives.aspx\">Representantes de la C\u00e1mara<\/a><\/li><\/ul>\n\n\n\n<p>For more information on early childhood advocacy or if you have any other ideas of how you would like to get involved contact Community Relations at (850) 552-7325 or email us at <a href=\"mailto:outreach@elcbigbend.org\">outreach@elcbigbend.org<\/a>. <a href=\"https:\/\/www.youtube.com\/watch?v=GbSp88PBe9E\" data-type=\"URL\" data-id=\"https:\/\/www.youtube.com\/watch?v=GbSp88PBe9E\">haga clic aqu\u00ed <\/a>para ver por qu\u00e9 necesitamos abogar por los ni\u00f1os y qu\u00e9 suceder\u00e1 si no lo hacemos.<\/p>\n<\/div>\n\n\n\n<div class=\"wp-block-column is-layout-flow wp-block-column-is-layout-flow\">\n<p><strong>Investigaci\u00f3n de aprendizaje temprano que puede usar<\/strong><\/p>\n\n\n\n<ul class=\"wp-block-list\"><li><a href=\"https:\/\/www.youtube.com\/watch?v=GbSp88PBe9E\">Cambia los primeros cinco a\u00f1os y cambias todo<\/a><\/li><li><a href=\"https:\/\/www.youtube.com\/watch?v=L8U96Q_x3qE&amp;feature=related\">Asuntos de aprendizaje temprano<\/a><\/li><li><a href=\"https:\/\/www.youtube.com\/watch?v=1L1mPWWz7o0&amp;feature=related\">Conectado de por vida \u2013 V\u00eddeo de YouTube<\/a><\/li><\/ul>\n\n\n\n<p><strong>Enlaces<\/strong><\/p>\n\n\n\n<ul class=\"wp-block-list\"><li><a href=\"http:\/\/www.childrensmovementflorida.org\/\">Movimiento Infantil Florida<\/a><\/li><li><a href=\"https:\/\/www.flchild.com\/\">Children&#8217;s Forum, Inc. <\/a><\/li><li><a href=\"http:\/\/www.iamforkids.org\/\">campa\u00f1a infantil inc.<\/a><\/li><\/ul>\n<\/div>\n<\/div>","protected":false},"excerpt":{"rendered":"<p>Contact your Representative Early Childhood issues and concerns should be our number one priority in the state of Florida. Our representatives need to hear from families, providers, and community organizations. <\/p>\n<p><a class=\"btn btn-secondary understrap-read-more-link\" href=\"https:\/\/elcbigbend.org\/es\/get-involved\/advocate\/\">Leer m\u00e1s&#8230;<\/a><\/p>","protected":false},"author":2,"featured_media":816,"parent":213,"menu_order":0,"comment_status":"closed","ping_status":"closed","template":"page-templates\/page-full.php","meta":{"om_disable_all_campaigns":false,"inline_featured_image":false,"_monsterinsights_skip_tracking":false,"_monsterinsights_sitenote_active":false,"_monsterinsights_sitenote_note":"","_monsterinsights_sitenote_category":0,"_uf_show_specific_survey":0,"_uf_disable_surveys":false,"footnotes":""},"categories":[],"class_list":["post-220","page","type-page","status-publish","has-post-thumbnail","hentry"],"acf":[],"aioseo_notices":[],"_links":{"self":[{"href":"https:\/\/elcbigbend.org\/es\/wp-json\/wp\/v2\/pages\/220","targetHints":{"allow":["GET"]}}],"collection":[{"href":"https:\/\/elcbigbend.org\/es\/wp-json\/wp\/v2\/pages"}],"about":[{"href":"https:\/\/elcbigbend.org\/es\/wp-json\/wp\/v2\/types\/page"}],"author":[{"embeddable":true,"href":"https:\/\/elcbigbend.org\/es\/wp-json\/wp\/v2\/users\/2"}],"replies":[{"embeddable":true,"href":"https:\/\/elcbigbend.org\/es\/wp-json\/wp\/v2\/comments?post=220"}],"version-history":[{"count":3,"href":"https:\/\/elcbigbend.org\/es\/wp-json\/wp\/v2\/pages\/220\/revisions"}],"predecessor-version":[{"id":1550,"href":"https:\/\/elcbigbend.org\/es\/wp-json\/wp\/v2\/pages\/220\/revisions\/1550"}],"up":[{"embeddable":true,"href":"https:\/\/elcbigbend.org\/es\/wp-json\/wp\/v2\/pages\/213"}],"wp:featuredmedia":[{"embeddable":true,"href":"https:\/\/elcbigbend.org\/es\/wp-json\/wp\/v2\/media\/816"}],"wp:attachment":[{"href":"https:\/\/elcbigbend.org\/es\/wp-json\/wp\/v2\/media?parent=220"}],"wp:term":[{"taxonomy":"category","embeddable":true,"href":"https:\/\/elcbigbend.org\/es\/wp-json\/wp\/v2\/categories?post=220"}],"curies":[{"name":"wp","href":"https:\/\/api.w.org\/{rel}","templated":true}]}}

<div class="wp-block-columns is-layout-flex wp-container-core-columns-is-layout-9d6595d7 wp-block-columns-is-layout-flex">
<div class="wp-block-column is-layout-flow wp-block-column-is-layout-flow">
<p><strong>Póngase en contacto con su representante</strong></p>



<p>Early Childhood issues and concerns should be our number one priority in the state of Florida. Our representatives need to hear from families, providers, and community organizations. Contact your representatives today!</p>



<ul class="wp-block-list"><li><a href="https://www.flsenate.gov/Legislators/index.cfm?Mode=Member%20Pages&amp;Submenu=1&amp;Tab=legislators&amp;CFID=183525068&amp;CFTOKEN=84434241" data-type="URL" data-id="https://www.flsenate.gov/Legislators/index.cfm?Mode=Member%20Pages&amp;Submenu=1&amp;Tab=legislators&amp;CFID=183525068&amp;CFTOKEN=84434241">Representantes del Senado</a></li><li><a href="http://www.myfloridahouse.gov/Sections/Representatives/representatives.aspx" data-type="URL" data-id="http://www.myfloridahouse.gov/Sections/Representatives/representatives.aspx">Representantes de la Cámara</a></li></ul>



<p>For more information on early childhood advocacy or if you have any other ideas of how you would like to get involved contact Community Relations at (850) 552-7325 or email us at <a href="mailto:outreach@elcbigbend.org">outreach@elcbigbend.org</a>. <a href="https://www.youtube.com/watch?v=GbSp88PBe9E" data-type="URL" data-id="https://www.youtube.com/watch?v=GbSp88PBe9E">haga clic aquí </a>para ver por qué necesitamos abogar por los niños y qué sucederá si no lo hacemos.</p>
</div>



<div class="wp-block-column is-layout-flow wp-block-column-is-layout-flow">
<p><strong>Investigación de aprendizaje temprano que puede usar</strong></p>



<ul class="wp-block-list"><li><a href="https://www.youtube.com/watch?v=GbSp88PBe9E">Cambia los primeros cinco años y cambias todo</a></li><li><a href="https://www.youtube.com/watch?v=L8U96Q_x3qE&amp;feature=related">Asuntos de aprendizaje temprano</a></li><li><a href="https://www.youtube.com/watch?v=1L1mPWWz7o0&amp;feature=related">Conectado de por vida – Vídeo de YouTube</a></li></ul>



<p><strong>Enlaces</strong></p>



<ul class="wp-block-list"><li><a href="http://www.childrensmovementflorida.org/">Movimiento Infantil Florida</a></li><li><a href="https://www.flchild.com/">Children&#8217;s Forum, Inc. </a></li><li><a href="http://www.iamforkids.org/">campaña infantil inc.</a></li></ul>
</div>
</div>

<p>Contact your Representative Early Childhood issues and concerns should be our number one priority in the state of Florida. Our representatives need to hear from families, providers, and community organizations. </p>
<p><a class="btn btn-secondary understrap-read-more-link" href="https://elcbigbend.org/es/get-involved/advocate/">Leer más&#8230;</a></p>
